(2 - -3) - -16. List the prime factors of l/12 + 157/2.
2, 5
Suppose -m - s + 2975 = 0, 2*m - 5942 = -2*s - 2*s. What are the prime factors of (-1)/(-4) - m/(-36)?
83
Suppose -v + 5788 = 3*v. What are the prime factors of v?
1447
Let s = -538 + 515. Suppose 54 = -0*w - 3*w. Let h = w - s. List the prime factors of h.
5
Suppose 0 = -l + 2*g + 14 - 0, -3*l + 52 = -g. Suppose 7*b - l = b. Suppose 3*h + 9 + b = 0, -z + 2*h = -72. What are the prime factors of z?
2
Let u = 236 + -117. Suppose -d + u + 77 = 0. List the prime factors of d.
2, 7
Suppose 0*l + 148 = 4*l. Let g be ((-7 - 0)/14)/(1/(-166)). Let a = g - l. What are the prime factors of a?
2, 23
Let g(r) = r + 11. Let w be g(-5). Let s(m) = 0 - 15*m**2 + 8*m - 9 + 14*m**2. List the prime factors of s(w).
3
Let l be (-39)/26 + (-3)/((-6)/11). Let y = 70 + l. List the prime factors of y.
2, 37
Suppose -1888 = -l + 5*u, 34*u = 38*u + 20. List the prime factors of l.
3, 23
Let h = 0 + 2. Let z(q) = q**h - q**2 + 2*q**2. List the prime factors of z(4).
2
Let d = -1886 - -5743. List the prime factors of d.
7, 19, 29
Let b(p) be the first derivative of -p**4/4 + p**3 + p**2/2 + 2*p + 8. What are the prime factors of b(-5)?
197
Let d(c) = c**3 - 6*c**2 + 5*c + 2. Let s be d(4). Let m = s - -15. Suppose m = 5*f, i + f = 4 + 2. What are the prime factors of i?
5
Let c(y) = y**2 + 14*y - 5. Let u be c(-14). What are the prime factors of (-1 + u)*-21*(-24)/(-54)?
2, 7
Suppose 0 = i - 2*a - 620, i + 7*a = 2*a + 585. List the prime factors of 3*2/(-15) + i/25.
2, 3
Let p(j) = -89*j**2 + 5*j - 4. Let x(d) = -89*d**2 + 5*d - 4. Let k(i) = 2*p(i) - 3*x(i). What are the prime factors of k(1)?
2, 11
Let f(s) = 3*s - 23. Let c be f(8). What are the prime factors of c + (-1)/((-3)/24)?
3
Let c(w) = w**3 + 9*w**2 + 14*w. Let v be c(-6). Let i = v + 142. What are the prime factors of i?
2, 83
Let p be -8 + (42/70)/((-1)/(-5)). What are the prime factors of -1 - p - 24/(-3)?
2, 3
Let z(o) = -o**3 + 16*o**2 - 8*o + 11. Let f be z(15). Let i = -13 - -21. Suppose 6*l - i*l = -f. List the prime factors of l.
2, 29
Let b = -16 - -15. Let x be ((-12)/(-4)*b)/(-1). Suppose 5*p + 3*m - 161 = 0, x*m + 0 = 6. List the prime factors of p.
31
Let f = -77 + 1160. List the prime factors of f.
3, 19
Suppose 0 = z + 2*z, 386 = 2*b - 2*z. List the prime factors of b.
193
Let n = -5797 - -8331. List the prime factors of n.
2, 7, 181
Let o = 12 - 5. Suppose -3*l - 523 = -o*l - 5*k, 5*k = 2*l - 269. What are the prime factors of l?
2, 3, 11
Let r be (21/9)/(2/(-132)). Let d = 14 - r. List the prime factors of d.
2, 3, 7
Suppose -3*m + a + 1314 = 25, -m + 423 = -2*a. List the prime factors of m.
431
Suppose -2*z + 334 = -4*s, 4*s = -2*z - 0*z - 314. Let c = -37 - s. List the prime factors of c.
2, 11
List the prime factors of ((-5655)/52)/15*-256.
2, 29
Let a be ((-2)/4)/((-1)/158). Let s = 91 - a. What are the prime factors of s?
2, 3
Let y(s) = 25*s + 150. List the prime factors of y(10).
2, 5
Let d(t) = -t**2 + 5*t + 6. Let s be d(6). Suppose -3*u = 2*u + 5, 0 = 2*x - 5*u - 33. Suppose -p + x + 10 = s. What are the prime factors of p?
2, 3
Let k = -237 - -1565. List the prime factors of k.
2, 83
Let l = 30 - 25. Suppose -g = 3*x - 43, x - l*x = -5*g + 291. List the prime factors of g.
5, 11
List the prime factors of 34437/91 + 36/(-84).
2, 3, 7
Suppose -26 = 3*r - 2*n, -5*n + 38 = -3*r - 0*n. Suppose 0 = 4*a + 16, 4*a + 25 = 5*j - a. List the prime factors of ((-4)/r)/(j/63).
2, 3, 7
Let a(j) = j**3 - 11*j**2 + 3*j + 15. Let o be a(11). Let h = 111 - o. What are the prime factors of h?
3, 7
Let f(q) = 3*q**3 - 11*q**2 + 83*q + 3. What are the prime factors of f(8)?
1499
Let a = 1059 - 741. What are the prime factors of a?
2, 3, 53
Suppose -2395 = -24*m + 4997. What are the prime factors of m?
2, 7, 11
Suppose -5*y - x = -17999, x + 6*x = 5*y - 17967. What are the prime factors of y?
59, 61
Suppose 47 = -6*a + 65. What are the prime factors of a/((-6)/32)*(-54)/8?
2, 3
Let r(b) = 5*b**2. Suppose 2*c + 15 = -c - 4*u, -3*c + 6 = -3*u. Let q be r(c). Suppose 4*v - v - q*m - 55 = 0, 3*m - 15 = -3*v. List the prime factors of v.
2, 5
Let u(a) = 7*a - 3*a**2 + 2*a**2 + 2*a**2 + 1. Let y be u(5). Suppose -11 - y = -4*l. List the prime factors of l.
2, 3
Let i(f) = -2*f. Suppose 0 = 3*p - 2 - 7. Let z be i(p). List the prime factors of ((-80)/(-28))/(z/(-21)).
2, 5
Let z be -5*(13/5 + -3). Suppose 8*i - 3*i - 76 = -z*g, i + 4*g = 8. Suppose 0 = o - i - 5. List the prime factors of o.
3, 7
Suppose 514 = 4*y + 2*f, -2*y + f - 12 = -267. Suppose 2*z - y = -24. What are the prime factors of z - (1 - 20/5)?
5, 11
Let n(x) = 4*x**2 + 11*x + 26. Suppose 74 = -9*p + 11. List the prime factors of n(p).
5, 29
Let c(n) = -n**3 + 8*n**2 - 5*n + 3. Let t be c(7). Suppose 5*z + y = t, -3 = 3*z - 2*z - 3*y. Let m = z + 6. What are the prime factors of m?
3
Let u(m) = -m**2 - 8*m - 6. Let y be u(-6). Suppose 0 = -l + y - 4. Suppose 2*q = 3*n - 27, -4*n = -q + l*q - 36. List the prime factors of n.
3
Let p = -4 + 7. Let g(u) = -2*u - 1 + 6*u**2 - u**3 + 4*u - 3*u**2. List the prime factors of g(p).
5
Let m(w) = w**2 - 39*w + 75. What are the prime factors of m(45)?
3, 5, 23
Let g be 4 + -2 + 1 - 1. Suppose -g = -3*m + 13. Suppose -5*n + 3*n + 3*i = -39, -m*i = n. List the prime factors of n.
3, 5
Let b(n) = 27*n + 3. Let t(y) = -1. Let x(r) = b(r) + 4*t(r). Let c(o) = -o**2 + 1. Let l be c(0). What are the prime factors of x(l)?
2, 13
Suppose -6 = b - 4*a, b - 3*a = -6 - 0. Let g be (b/12)/(1/162). Let x = -55 - g. What are the prime factors of x?
2, 13
Let i(c) be the second derivative of 0*c**3 + 0 + 1/12*c**4 + 2*c - c**2. List the prime factors of i(2).
2
Let b(v) = -v**2 + 12*v. Let m = 41 - 29. Let r be b(m). Let n = r - -7. What are the prime factors of n?
7
Let h = 66 + -111. Let p be (6/(-5))/(2/h). Suppose 3*l - p = -0*l. List the prime factors of l.
3
Let i(b) = 2*b**3 - b**2 + 6*b - 7. Let h be i(3). Suppose h = 3*f - 64. What are the prime factors of f?
2, 5
Let h = 0 - -5. Let o(a) = 2*a**2 + 6*a - 10. What are the prime factors of o(h)?
2, 5, 7
Let i = 24 + -33. What are the prime factors of (10 + i)/(2/172)?
2, 43
Let v = 4594 - 593. What are the prime factors of v?
4001
Let f = 20 - -33. Let q = f + 61. List the prime factors of q.
2, 3, 19
Let u(z) = 3*z**2 - 5*z + 18. List the prime factors of u(18).
2, 3, 5
Let f = 48 + -241. Let l = -85 - f. List the prime factors of l.
2, 3
List the prime factors of 3 + ((-3)/2)/(2/(-404)).
2, 3, 17
Let u(b) = 13*b**2 - 16*b + 27. Let q(i) = -3*i**2 + 4*i - 7. Let k(s) = -9*q(s) - 2*u(s). Let j = 1 + 5. What are the prime factors of k(j)?
3, 7
Suppose 3 = 4*i - 17. Let s = i + -2. Suppose s*y = y + 6. What are the prime factors of y?
3
Suppose 0*g - 21 = -4*y + g, -2*y + 15 = -5*g. Suppose y*v - 2*v - 138 = 0. Suppose -6*t - 3*j = -3*t - 36, j - v = -3*t. List the prime factors of t.
17
Let o = -13 - -21. Suppose -4*p = 5*j - 55, -p - o = 5*j - 33. List the prime factors of p.
2, 5
Suppose 2*i = -10, -15 = 5*k + 6*i - 2*i. List the prime factors of ((-2)/(10/(-39)))/(k/5).
3, 13
Let p(m) = 21*m - 1. Suppose 3*v + g = 6 + 2, 3*v = -4*g + 5. Let d(x) = 20*x. Let o(y) = v*d(y) - 2*p(y). List the prime factors of o(1).
2, 5
Suppose n = -n - 2. Let o be (-3 + 0 + 3)*n. What are the prime factors of o + 2 - (-55)/11?
7
Let x(u) = u**3 - 7*u**2 - 7*u - 9. Let p be x(8). Let f = p + -18. Let s = 29 + f. What are the prime factors of s?
2, 5
Suppose -20 = -5*k + k. Suppose k*l = 3*l + y + 54, 0 = -5*l + 5*y + 135. List the prime factors of l.
3
Let y(m) = -13*m**3 - 39*m**2 + 120*m + 148. Let u(w) = 3*w**3 + 10*w**2 - 30*w - 37. Let k(n) = 9*u(n) + 2*y(n). List the prime factors of k(-13).
2, 23
Let r = -187 + 454. List the prime factors of r.
3, 89
Let i be 483/12 - ((-7)/4 + 2). List the prime factors of (48/(-5))/((-6)/i).
2
Suppose 0 = 5*b - z + 3*z - 22, 5*b - 2*z = 18. Suppose b*h + 4*q - 395 = -h, 2*q = 2*h - 176. List the prime factors of h.
83
Suppose -3*y + 4*d - 40 = -8*y, d + 53 = 4*y. Let k be (8/y)/((-2)/3). Let i = k - -17. List the prime factors of i.
2
Let u = -10 + 2. Let x = u - -12. List the prime factors of ((-84)/49)/(x/(-14)).
2, 3
Suppose -2*r = r. What are the prime factors of r/(